70
Calculate 201 + -284 + -5 + (-1 - -6) + 8.
-75
Evaluate -105 + (38 + -11 - 10 - (15 - 2) - -4).
-97
What is (4 - -10 - 20) + -25?
-31
Calculate (-26 - -27) + 0 + -29 + -1.
-29
Calculate (17 - (81 - 101)) + 72 + -1.
108
Evaluate (-4 - 15) + (-16 + (17 - 19) - -31).
-6
What is 65 + 127 + -140 + 7 + -2 + 1?
58
Evaluate 2 - ((15 - 20 - -23) + -21).
5
What is 55 + 19 + 12 + -38 + -36?
12
Calculate -32 - (-29 + (11 - 54)).
40
What is -81 + -8 + -191 + 248?
-32
What is (9 - 8 - 30) + 85 - 22?
34
Evaluate 18 + 0 + (25 - 168) + 49.
-76
Calculate (-4 - (-2 + 0)) + -2 + 18 - (-310 + 405).
-81
What is the value of 53 - (-22 - -41) - (-9 - ((-3 - -6) + -2))?
44
Evaluate -22 + (-28 - -15) - -20.
-15
Evaluate -46 - 5 - (-227 - -233) - ((-9 - 1) + 0).
-47
What is -69 + 5 - (-10 + (-85 - -101))?
-70
Evaluate -6 - (0 - -1) - 11 - (-5 + 103).
-116
What is the value of (100 - (-1 - (-56 - -34))) + -17?
62
Evaluate 32 - (4 + -4) - (0 - 1 - (-3 + -6)).
24
Calculate -4 - -1 - (2901 + -2942).
38
29 + 10 + -23 + 20 + (8 - 23)
21
What is (-21 - -29 - (-23 + 2)) + -16?
13
What is -213 - -78 - -67 - -92?
24
What is the value of -24 + 18 + 57 - (4 - 1 - 7)?
55
Calculate -31 + (-6 - -26) - 16 - (-1 + -3).
-23
((-4 - 70) + 69 - (-1 + 2 - -1)) + 76
69
Evaluate -58 + 208 + -148 + (-1 - (0 + -13)).
14
-7 - ((46 - 14) + -65 + 65)
-39
Evaluate 59 + (-19 - (12 + -12)).
40
Evaluate (4 - 6) + (2 + -3 + (15 - 25) - 42).
-55
Evaluate -3 - -21 - (18 + (-18 - -2) - 1).
17
What is the value of -449 - -464 - (-2 - -1 - -45)?
-29
Calculate 539 + -550 - (-36 + -1).
26
What is the value of (42 - 64 - (24 + -4)) + 33?
-9
Calculate (0 - 45 - (-13 - -9)) + (16 - 4).
-29
Evaluate -6 + -23 + 8 + (6 - 5) + -12.
-32
12 + (52 - 48) + (5 - 24) + 92
89
Calculate -6 + -2 + 14 + (-41 - -1 - 2).
-36
What is the value of -23 + (273 - 351 - (15 + -3))?
-113
What is the value of (17 - (-7 + -9)) + -9 - -35?
59
What is the value of (4 - 0) + (6 - 12 - (-53 - -30)) + -7?
14
What is -151 - (-117 - -1 - -37)?
-72
Calculate (21 - 17) + (16 + -6 - 23).
-9
What is -38 + 1 + 72 + -86?
-51
What is the value of -18 + -7 + -35 + 16?
-44
What is (-27 + -3 - (-8 + 2) - 1) + 12?
-13
(-228 - -234) + ((21 - -1) + 0 - 2)
26
What is the value of -2 - -40 - (413 - 334)?
-41
Calculate -4 - -38 - (61 - 13).
-14
Calculate 19 + (22 - (6 + 18)) + -46.
-29
What is -9 + 18 - 2 - (73 - -26)?
-92
Evaluate -66 + (17 + -24 - -40) + -1 + 8 + 1.
-25
What is the value of 4 + (-1 - 64 - 10)?
-71
0 + -1 + (556 - 562) - (2 - (30 + 0))
21
What is the value of 41 + 10 + -5 + -8 - -6?
44
What is the value of (-15 - -4) + -537 + 522?
-26
Calculate 27 + (-12 - (60 + 3)).
-48
What is 26 + (-123 - -62) - 29?
-64
Evaluate -2 + 20 - (-13 + 192 + (3 - 35)).
-129
Evaluate 61 - (13 + -30) - (-38 + -3).
119
What is -1 - (2 - (-1 - 84)) - (-21150 + 21133)?
-71
What is 56 + -23 + 7 - 43 - (17 - (1 + -2))?
-21
What is ((-11 - 6) + (-35 - -13) - -23) + 65?
49
Evaluate 833 + -826 + -68 + (2 - (0 - -3)).
-62
Evaluate (-1 - 13) + 0 + 4 + (28 + 35 - 76).
-23
-24 - (36 + -46 + 17)
-31
982 - 1037 - (1 - 3)
-53
-3085 + 3111 - (22 - 0 - 2)
6
Calculate -10 - (-10 + (-16 - (-21 + 6)) + -1).
2
Calculate -2 - (-1 - -28 - (33 + -31 + -1)).
-28
What is (-27 - (-13 + (1 - -8))) + -61?
-84
Evaluate (-64 + 89 - 6) + -98.
-79
Calculate 1 + -4 + 37 + -4 + 1 + (-698 - -691).
24
(-311 + 85 - -211) + (-3 - 0)
-18
What is (-52 - -109) + -47 + 6 + 24?
40
Evaluate (-6 - 3) + (-46 - (-137 - (13 + -57))).
38
What is (0 - 0 - (5 + -1)) + (326 - (173 - -120))?
29
What is the value of 27 + 9 + 29 - 4?
61
46 + -92 + (8 - -5)
-33
What is -3 - (6 - (2 - -1)) - (-5505 + 5382)?
117
What is 5 + (5 - (14 + -29)) + (2 - 6) - 4?
17
What is 257 - 142 - (77 + 15)?
23
Evaluate -9 + (-6 - -10) + (12 - 78).
-71
Evaluate 35 - (-104 + 117) - 64.
-42
What is -305 + 288 + 15 + -3?
-5
What is 4 + -25 + 37 + 58?
74
(-78 - (-12 - (25 + -9))) + 19
-31
What is 26 - (-17 - (16 + -24 + 0) - -21)?
14
What is 36 + (17 - (-11 + 22) - -9 - 0)?
51
Calculate 4646 + -4663 + -46 + -2.
-65
Calculate 11 + 241 + -257 + (10 - 0) - 11.
-6
What is (-151 - (-183 - -76)) + -81?
-125
What is -1 + -83 + (-40 - (4 - (55 + -29))) + 20?
-82
What is the value of 12 + -6 + (-21 - (-7 + -12)) + 0 + -26?
-22
What is -3 + -2 - (45 - -6 - (-29 - (18 - 35)))?
-68
Calculate -19 + 7 + 10 + (8 + -3 - 6) - -69.
66
What is the value of 6 + (-45 - -63) + -5?
19
Evaluate 13 - (-4 + (5 - (-7 + 15) - -10)).
10
Calculate (-23 - -43 - 3 - -17) + 0 + -16.
18
What is the value of (17 - (-28 - -22) - 9) + 0 + -9?
5
What is 21 - (-12 + (29 - 17) + -16)?
37
What is 32 + 40 - 67 - -72?
77
What is the value of (0 - 2 - (54 - (186 - 55))) + -10?
65
Evaluate 76 + -2 + 4 - (-7 + (-42 - (53 - 104))).
76
Evaluate -1 + -133 - (3858 - 3868).
-124
What is (8 - (-15 - (10 - (10 + 15)))) + (-2 - -58)?
64
What is the value of 140 + (19 - -2) - (14 - (15 - 7))?
155
Evaluate -31 + (13 + -2 - -8 - 41).
-53
Calculate -44 - (35 - 92) - -38.
51
Calculate (-7 - -14) + (-28 - (22 - 41)).
-2
Calculate ((-63 - -61) + -2 + -10 - (9 + 0)) + -10.
-33
9 + 26 + -8 + (24 - 14)
37
What is the value of -11 + (25 - 18 - (-9 - -1)) + 6?
10
-29 + 346 + -305 + 1 + 2 - (0 + -98)
113
Calculate 14 + -37 + (-4 - -3) + 12 + 102 + -7.
83
What is 28 - (-9 - (-80 - -36))?
-7
2 + 177 + (-335 - -243)
87
Evaluate -9 + 0 + (-20 - 8) + -4 + 6.
-35
-18 - (55 + -65 + 31)
-39
Evaluate -19 + (-7 - ((-17 - -11) + (0 - -9))) + 7.
-22
-28 - (-2 + -7 + 25 - (16 - 1))
-29
(1 - -8) + 27 + -34 + (37 - (-13 + 20))
32
(-20 - -21) + -1 + (24 - -2) - (26 - 21)
21
What is -4 + 9 + -5 - (1 + 100 + -186)?
85
Calculate (14 - (-3 - -8) - 3) + (64 - (40 + -11)).
41
-4 - -33 - (-8 - (-2 + 0))
35
What is 659 + -692 + -1 + -5 - -3?
-36
What is 3668 + -3681 + (-72 - (2 - (3 + -3)))?
-87
-53 - (-58 + (50 - 52))
7
What is -1 - (-4 - -6) - 2 - -7 - (-125 - -101)?
26
What is the value of -98 + 82 + 16 + -1 + 18 - 5?
12
-7 + (-4 - (-16 + (17 - -22) + -20))
-14
Calculate -12 - (-143 + 36 + -2 + 35).
62
What is -12 + (1 - 0) - (48 + 42 + -94)?
-7
Evaluate (-7 - -15 - 18) + -6 + (18 - (-6 + -21)).
29
What is the value of 0 + -5 + (-1 - 33) + (-396 - -382)?
-53
What is 73 + 44 + -71 + -27?
19
Calculate (-10 - 7) + 14 + 16 + 8 + -13.
8
What is -4 + (-10 + 22 - 4) - -22?
26
Evaluate 18 + -13 + 0 + -23 + -12 - (14 + -3).
-41
3 + 21 + -3 + -3 + 5 - (-74 - -73)
24
Calculate (-4 - (-5 - 11)) + -16 + -14.
-18
What is the value of (81 - 2) + -6 + -4 + 1 + 7 + -6?
71
What is (20 - 87) + -14 + 21 + 2 + -9?
-67
Evaluate (9 - 64) + -380 + 394.
-41
What is the value of 19 + (-21 - -19 - -9) - 10?
16
Evaluate (7 - (-1 - -2 - (21 + -39))) + 70.
58
What is 156 + 103 + -218 - 5?
36
Evaluate (-26 - -22) + -35 + 84.
45
16 + (-33 - (46 - (-65 + 34)))
-94
What is (3 - -6 - 38) + 32 + -42?
-39
What is the value of (84 - 109) + 104 + -19?
60
What is the value of -15 + 4 + (-2 - (33 - 15))?
-31
-124 + (13 + 64 - 12)
-59
What is the value of (6 - 5) + (215 - 211) + 2 + -46?
-39
Calculate 5 - (2 + (-2 - 12 - -3)) - (85 + -32).
-39
Calculate 50 + (-27 - -32 - (14 + -4)).
45
(94 - 145) + 106 + 0
55
Calculate 54 + 63 + 5 + -145.
-23
What is the value of 8 + (-13 - -27) + -16 - (-4 - -9)?
1
26285 - 26201 - (41 + -1)
44
Calculate 2 + (1 + -10 - (-108 - (-85 - 11))).
5
Evaluate (35 - 44) + 41 + 1 + (-4 - 6).
23
Calculate -5 + 71 + 1 - (0 + (-3 + -4 - -1)).
73
What is -10 + (0 - (-16 - (7 + (-9 - 8)))) - -4?
0
Calculate -10 - (5 + -12 + (-6 - -16) - -10).
-23
Calculate -32 + -84 + 4 + -26 + 13 + -4.
-129
Calculate -26 - 5 - (1 + (0 - (-2 - 4))).
-38
What is -35 + -34 + 38 + (-9 - -8)?
-32
What is 85 + -99 + (121 - 18)?
89
Evaluate 42 + (-1 - 19 - -8).
30
Calculate -19 + (102 + -93 - (-10 - 0)).
0
What is the value of 20 + -15 + -10 + (46 - -31)?
72
0 - (-2 + (-14 - -21) + 2)
-7
Calculate -6 + (1 - 19 - (-2 + -44 - -42)).
-20
Evaluate 0 + -9 + (5 + -12 - (-72 + 11 - -12)).
33
(7 - -64) + (-7 - (1 - -13))
50
What is -3 + -13 + (-10 + 8 - 9) + 0 + 1?
-26
Calculate -3 - (0 + 2 - (239 - 215)).
19
Calculate -7 - ((-96 - -45) + 34).
10
(8 - (-5 + 4) - 14) + 0 + -36
-41
Calculate 112 + (-43 - (-18 - -34)).
53
What is (10 - 0) + 7 + (-6 - 2) + -3 - -3?
9
Evaluate (-409 - -367) + 4 + 58.
20
(-7 + -5 + -9 - 42) + 21
-42
Evaluate (87 - 158 - -49) + (8 - -1).
-13
Evaluate 